{"id":25,"date":"2014-12-04T10:43:09","date_gmt":"2014-12-04T10:43:09","guid":{"rendered":"http:\/\/czestochowianie.home.pl\/klimaty\/?page_id=25"},"modified":"2025-09-25T11:29:29","modified_gmt":"2025-09-25T11:29:29","slug":"organizatorzy","status":"publish","type":"page","link":"http:\/\/www.klimatyczestochowy.pl\/?page_id=25","title":{"rendered":"Organizatorzy"},"content":{"rendered":"<p>Wydzia\u0142 Informacji i Komunikacji Urz\u0119du Miasta Cz\u0119stochowy<br \/>\nul. \u015al\u0105ska 11\/13, 42-215 Cz\u0119stochowa,<br \/>\ntel. 34 3707 348<br \/>\ne-mail: klimaty@czestochowa.um.gov.pl<\/p>\n<p>Muzeum Cz\u0119stochowskie<br \/>\nAleja Naj\u015bwi\u0119tszej Maryi Panny 47<br \/>\ntel. 34 3605 631<br \/>\ne-mail: muzeum@muzeumczestochowa.pl<\/p>\n","protected":false},"excerpt":{"rendered":"<p>Wydzia\u0142 Informacji i Komunikacji Urz\u0119du Miasta Cz\u0119stochowy ul. \u015al\u0105ska 11\/13, 42-215 Cz\u0119stochowa, tel. 34 3707 348 e-mail: klimaty@czestochowa.um.gov.pl Muzeum Cz\u0119stochowskie Aleja Naj\u015bwi\u0119tszej Maryi Panny 47 tel. 34 3605 631 e-mail: muzeum@muzeumczestochowa.pl<\/p>\n","protected":false},"author":1,"featured_media":0,"parent":0,"menu_order":0,"comment_status":"open","ping_status":"open","template":"","meta":{"footnotes":""},"class_list":["post-25","page","type-page","status-publish","hentry"],"_links":{"self":[{"href":"http:\/\/www.klimatyczestochowy.pl\/index.php?rest_route=\/wp\/v2\/pages\/25","targetHints":{"allow":["GET"]}}],"collection":[{"href":"http:\/\/www.klimatyczestochowy.pl\/index.php?rest_route=\/wp\/v2\/pages"}],"about":[{"href":"http:\/\/www.klimatyczestochowy.pl\/index.php?rest_route=\/wp\/v2\/types\/page"}],"author":[{"embeddable":true,"href":"http:\/\/www.klimatyczestochowy.pl\/index.php?rest_route=\/wp\/v2\/users\/1"}],"replies":[{"embeddable":true,"href":"http:\/\/www.klimatyczestochowy.pl\/index.php?rest_route=%2Fwp%2Fv2%2Fcomments&post=25"}],"version-history":[{"count":4,"href":"http:\/\/www.klimatyczestochowy.pl\/index.php?rest_route=\/wp\/v2\/pages\/25\/revisions"}],"predecessor-version":[{"id":1625,"href":"http:\/\/www.klimatyczestochowy.pl\/index.php?rest_route=\/wp\/v2\/pages\/25\/revisions\/1625"}],"wp:attachment":[{"href":"http:\/\/www.klimatyczestochowy.pl\/index.php?rest_route=%2Fwp%2Fv2%2Fmedia&parent=25"}],"curies":[{"name":"wp","href":"https:\/\/api.w.org\/{rel}","templated":true}]}}