{"id":19,"date":"2014-12-04T10:42:40","date_gmt":"2014-12-04T10:42:40","guid":{"rendered":"http:\/\/czestochowianie.home.pl\/klimaty\/?page_id=19"},"modified":"2024-07-10T10:05:44","modified_gmt":"2024-07-10T10:05:44","slug":"edycje","status":"publish","type":"page","link":"http:\/\/www.klimatyczestochowy.pl\/?page_id=19","title":{"rendered":"Edycje"},"content":{"rendered":"\n<p><a href=\"http:\/\/www.klimatyczestochowy.pl\/wp-content\/uploads\/2024\/07\/FOLDER_KLIMATY_2023_net.pdf\">Laureaci i finali\u015bci 16. edycji &#8222;Klimat\u00f3w Cz\u0119stochowy&#8221; (2023)<\/a><\/p>\n\n\n\n<p><a href=\"http:\/\/www.klimatyczestochowy.pl\/wp-content\/uploads\/2023\/09\/FOLDER_KLIMATY_2022.pdf\" data-type=\"link\" data-id=\"http:\/\/www.klimatyczestochowy.pl\/wp-content\/uploads\/2023\/09\/FOLDER_KLIMATY_2022.pdf\">Laureaci i finali\u015bci 15. edycji &#8222;Klimat\u00f3w Cz\u0119stochowy&#8221; (2022)<\/a><\/p>\n\n\n\n<p><a href=\"http:\/\/www.klimatyczestochowy.pl\/wp-content\/uploads\/2023\/09\/FOLDER_KLIMATY_2021.pdf\" data-type=\"link\" data-id=\"http:\/\/www.klimatyczestochowy.pl\/wp-content\/uploads\/2023\/09\/FOLDER_KLIMATY_2021.pdf\">Laureaci i finali\u015bci 14. edycji &#8222;Klimat\u00f3w Cz\u0119stochowy&#8221; (2021)<\/a><\/p>\n\n\n\n<p><a href=\"http:\/\/www.klimatyczestochowy.pl\/wp-content\/uploads\/2023\/09\/FOLDER_KLIMATY_2018.pdf\" data-type=\"link\" data-id=\"http:\/\/www.klimatyczestochowy.pl\/wp-content\/uploads\/2023\/09\/FOLDER_KLIMATY_2018.pdf\">Laureaci i finali\u015bci 13. edycji &#8222;Klimat\u00f3w Cz\u0119stochowy&#8221; (2018)<\/a><\/p>\n\n\n\n<p><a href=\"http:\/\/www.klimatyczestochowy.pl\/wp-content\/uploads\/2023\/09\/FOLDER_KLIMATY_2017.pdf\" data-type=\"link\" data-id=\"http:\/\/www.klimatyczestochowy.pl\/wp-content\/uploads\/2023\/09\/FOLDER_KLIMATY_2017.pdf\">Laureaci i finali\u015bci 12. edycji &#8222;Klimat\u00f3w Cz\u0119stochowy&#8221; (2017)<\/a><\/p>\n\n\n\n<p><a href=\"http:\/\/www.klimatyczestochowy.pl\/wp-content\/uploads\/2023\/09\/FOLDER_KLIMATY_2016.pdf\" data-type=\"link\" data-id=\"http:\/\/www.klimatyczestochowy.pl\/wp-content\/uploads\/2023\/09\/FOLDER_KLIMATY_2016.pdf\">Laureaci i finali\u015bci 11. edycji &#8222;Klimat\u00f3w Cz\u0119stochowy&#8221; (2016)<\/a><\/p>\n\n\n\n<p><a href=\"http:\/\/www.klimatyczestochowy.pl\/wp-content\/uploads\/2023\/09\/FOLDER_KLIMATY_2015.pdf\" data-type=\"link\" data-id=\"http:\/\/www.klimatyczestochowy.pl\/wp-content\/uploads\/2023\/09\/FOLDER_KLIMATY_2015.pdf\">Laureaci i finali\u015bci 10. edycji &#8222;Klimat\u00f3w Cz\u0119stochowy&#8221; (2015)<\/a><\/p>\n\n\n\n<p><a href=\"http:\/\/www.klimatyczestochowy.pl\/wp-content\/uploads\/2023\/09\/FOLDER_KLIMATY_2014.pdf\" data-type=\"link\" data-id=\"http:\/\/www.klimatyczestochowy.pl\/wp-content\/uploads\/2023\/09\/FOLDER_KLIMATY_2014.pdf\">Laureaci i finali\u015bci 9. edycji &#8222;Klimat\u00f3w Cz\u0119stochowy&#8221; (2014)<\/a><span style=\"color: #ffffff;\">.<\/span><\/p>\n\n\n\n<p><a href=\"http:\/\/www.klimatyczestochowy.pl\/nagrodzeni-w-8-edycji-klimatow-czestochowy-2013\/\" data-type=\"link\" data-id=\"http:\/\/www.klimatyczestochowy.pl\/nagrodzeni-w-8-edycji-klimatow-czestochowy-2013\/\">Nagrodzeni i wyr\u00f3\u017cnieni w 8. edycji &#8222;Klimat\u00f3w Cz\u0119stochowy&#8221; (2013)<\/a><\/p>\n\n\n\n<p><a href=\"http:\/\/www.klimatyczestochowy.pl\/nagrodzeni-w-7-edycji-klimatow-czestochowy-2012\/\" data-type=\"link\" data-id=\"http:\/\/www.klimatyczestochowy.pl\/nagrodzeni-w-7-edycji-klimatow-czestochowy-2012\/\">Nagrodzeni i wyr\u00f3\u017cnieni w 7. edycji &#8222;Klimat\u00f3w Cz\u0119stochowy&#8221; (2012)<\/a><\/p>\n\n\n\n<p><a href=\"http:\/\/www.klimatyczestochowy.pl\/nagrodzeni-w-6-edycji-klimatow-czestochowy-2011\/\" data-type=\"link\" data-id=\"http:\/\/www.klimatyczestochowy.pl\/nagrodzeni-w-6-edycji-klimatow-czestochowy-2011\/\">Nagrodzeni i wyr\u00f3\u017cnieni w 6. edycji &#8222;Klimat\u00f3w Cz\u0119stochowy&#8221; (2011)<\/a><\/p>\n\n\n\n<p><a href=\"http:\/\/www.klimatyczestochowy.pl\/nagrodzeni-w-5-edycji-klimatow-czestochowy-2010\/\" data-type=\"link\" data-id=\"http:\/\/www.klimatyczestochowy.pl\/nagrodzeni-w-5-edycji-klimatow-czestochowy-2010\/\">Nagrodzeni i wyr\u00f3\u017cnieni w 5. edycji &#8222;Klimat\u00f3w Cz\u0119stochowy&#8221; (2010)<\/a><\/p>\n\n\n\n<p><a href=\"http:\/\/www.klimatyczestochowy.pl\/nagrodzeni-w-4-edycji-klimatow-czestochowy-2009\/\" data-type=\"link\" data-id=\"http:\/\/www.klimatyczestochowy.pl\/nagrodzeni-w-4-edycji-klimatow-czestochowy-2009\/\">Nagrodzeni i wyr\u00f3\u017cnieni w 4. edycji &#8222;Klimat\u00f3w Cz\u0119stochowy&#8221; (2009)<\/a><\/p>\n\n\n\n<p><a href=\"http:\/\/www.klimatyczestochowy.pl\/nagrodzeni-w-3-edycji-klimatow-czestochowy-2008\/\" data-type=\"link\" data-id=\"http:\/\/www.klimatyczestochowy.pl\/nagrodzeni-w-3-edycji-klimatow-czestochowy-2008\/\">Nagrodzeni i wyr\u00f3\u017cnieni w 3. edycji &#8222;Klimat\u00f3w Cz\u0119stochowy&#8221; (2008)<\/a><\/p>\n\n\n\n<p><a href=\"http:\/\/www.klimatyczestochowy.pl\/nagrodzeni-w-2-edycji-klimatow-czestochowy-2007\/\" data-type=\"link\" data-id=\"http:\/\/www.klimatyczestochowy.pl\/nagrodzeni-w-2-edycji-klimatow-czestochowy-2007\/\">Nagrodzeni i wyr\u00f3\u017cnieni w 2. edycji &#8222;Klimat\u00f3w Cz\u0119stochowy&#8221; (2007)<\/a><\/p>\n\n\n\n<p><a href=\"http:\/\/www.klimatyczestochowy.pl\/nagrodzeni-w-1-edycji-klimatow-czestochowy-2006\/\">Nagrodzeni i wyr\u00f3\u017cnieni w 1. edycji &#8222;Klimat\u00f3w Cz\u0119stochowy&#8221; (2006)<\/a><span style=\"color: #ffffff;\"><\/span><\/p>\n","protected":false},"excerpt":{"rendered":"<p>Laureaci i finali\u015bci 16. edycji &#8222;Klimat\u00f3w Cz\u0119stochowy&#8221; (2023) Laureaci i finali\u015bci 15. edycji &#8222;Klimat\u00f3w Cz\u0119stochowy&#8221; (2022) Laureaci i finali\u015bci 14. edycji &#8222;Klimat\u00f3w Cz\u0119stochowy&#8221; (2021) Laureaci i finali\u015bci 13. edycji &#8222;Klimat\u00f3w Cz\u0119stochowy&#8221; (2018) Laureaci i finali\u015bci 12. edycji &#8222;Klimat\u00f3w Cz\u0119stochowy&#8221; (2017) Laureaci i finali\u015bci 11. edycji &#8222;Klimat\u00f3w Cz\u0119stochowy&#8221; (2016) Laureaci i finali\u015bci 10. edycji &#8222;Klimat\u00f3w Cz\u0119stochowy&#8221; [&hellip;]<\/p>\n","protected":false},"author":1,"featured_media":0,"parent":0,"menu_order":0,"comment_status":"open","ping_status":"open","template":"","meta":{"footnotes":""},"class_list":["post-19","page","type-page","status-publish","hentry"],"_links":{"self":[{"href":"http:\/\/www.klimatyczestochowy.pl\/index.php?rest_route=\/wp\/v2\/pages\/19","targetHints":{"allow":["GET"]}}],"collection":[{"href":"http:\/\/www.klimatyczestochowy.pl\/index.php?rest_route=\/wp\/v2\/pages"}],"about":[{"href":"http:\/\/www.klimatyczestochowy.pl\/index.php?rest_route=\/wp\/v2\/types\/page"}],"author":[{"embeddable":true,"href":"http:\/\/www.klimatyczestochowy.pl\/index.php?rest_route=\/wp\/v2\/users\/1"}],"replies":[{"embeddable":true,"href":"http:\/\/www.klimatyczestochowy.pl\/index.php?rest_route=%2Fwp%2Fv2%2Fcomments&post=19"}],"version-history":[{"count":46,"href":"http:\/\/www.klimatyczestochowy.pl\/index.php?rest_route=\/wp\/v2\/pages\/19\/revisions"}],"predecessor-version":[{"id":1455,"href":"http:\/\/www.klimatyczestochowy.pl\/index.php?rest_route=\/wp\/v2\/pages\/19\/revisions\/1455"}],"wp:attachment":[{"href":"http:\/\/www.klimatyczestochowy.pl\/index.php?rest_route=%2Fwp%2Fv2%2Fmedia&parent=19"}],"curies":[{"name":"wp","href":"https:\/\/api.w.org\/{rel}","templated":true}]}}

<p><a href="http://www.klimatyczestochowy.pl/wp-content/uploads/2024/07/FOLDER_KLIMATY_2023_net.pdf">Laureaci i finaliści 16. edycji &#8222;Klimatów Częstochowy&#8221; (2023)</a></p>



<p><a href="http://www.klimatyczestochowy.pl/wp-content/uploads/2023/09/FOLDER_KLIMATY_2022.pdf" data-type="link" data-id="http://www.klimatyczestochowy.pl/wp-content/uploads/2023/09/FOLDER_KLIMATY_2022.pdf">Laureaci i finaliści 15. edycji &#8222;Klimatów Częstochowy&#8221; (2022)</a></p>



<p><a href="http://www.klimatyczestochowy.pl/wp-content/uploads/2023/09/FOLDER_KLIMATY_2021.pdf" data-type="link" data-id="http://www.klimatyczestochowy.pl/wp-content/uploads/2023/09/FOLDER_KLIMATY_2021.pdf">Laureaci i finaliści 14. edycji &#8222;Klimatów Częstochowy&#8221; (2021)</a></p>



<p><a href="http://www.klimatyczestochowy.pl/wp-content/uploads/2023/09/FOLDER_KLIMATY_2018.pdf" data-type="link" data-id="http://www.klimatyczestochowy.pl/wp-content/uploads/2023/09/FOLDER_KLIMATY_2018.pdf">Laureaci i finaliści 13. edycji &#8222;Klimatów Częstochowy&#8221; (2018)</a></p>



<p><a href="http://www.klimatyczestochowy.pl/wp-content/uploads/2023/09/FOLDER_KLIMATY_2017.pdf" data-type="link" data-id="http://www.klimatyczestochowy.pl/wp-content/uploads/2023/09/FOLDER_KLIMATY_2017.pdf">Laureaci i finaliści 12. edycji &#8222;Klimatów Częstochowy&#8221; (2017)</a></p>



<p><a href="http://www.klimatyczestochowy.pl/wp-content/uploads/2023/09/FOLDER_KLIMATY_2016.pdf" data-type="link" data-id="http://www.klimatyczestochowy.pl/wp-content/uploads/2023/09/FOLDER_KLIMATY_2016.pdf">Laureaci i finaliści 11. edycji &#8222;Klimatów Częstochowy&#8221; (2016)</a></p>



<p><a href="http://www.klimatyczestochowy.pl/wp-content/uploads/2023/09/FOLDER_KLIMATY_2015.pdf" data-type="link" data-id="http://www.klimatyczestochowy.pl/wp-content/uploads/2023/09/FOLDER_KLIMATY_2015.pdf">Laureaci i finaliści 10. edycji &#8222;Klimatów Częstochowy&#8221; (2015)</a></p>



<p><a href="http://www.klimatyczestochowy.pl/wp-content/uploads/2023/09/FOLDER_KLIMATY_2014.pdf" data-type="link" data-id="http://www.klimatyczestochowy.pl/wp-content/uploads/2023/09/FOLDER_KLIMATY_2014.pdf">Laureaci i finaliści 9. edycji &#8222;Klimatów Częstochowy&#8221; (2014)</a><span style="color: #ffffff;">.</span></p>



<p><a href="http://www.klimatyczestochowy.pl/nagrodzeni-w-8-edycji-klimatow-czestochowy-2013/" data-type="link" data-id="http://www.klimatyczestochowy.pl/nagrodzeni-w-8-edycji-klimatow-czestochowy-2013/">Nagrodzeni i wyróżnieni w 8. edycji &#8222;Klimatów Częstochowy&#8221; (2013)</a></p>



<p><a href="http://www.klimatyczestochowy.pl/nagrodzeni-w-7-edycji-klimatow-czestochowy-2012/" data-type="link" data-id="http://www.klimatyczestochowy.pl/nagrodzeni-w-7-edycji-klimatow-czestochowy-2012/">Nagrodzeni i wyróżnieni w 7. edycji &#8222;Klimatów Częstochowy&#8221; (2012)</a></p>



<p><a href="http://www.klimatyczestochowy.pl/nagrodzeni-w-6-edycji-klimatow-czestochowy-2011/" data-type="link" data-id="http://www.klimatyczestochowy.pl/nagrodzeni-w-6-edycji-klimatow-czestochowy-2011/">Nagrodzeni i wyróżnieni w 6. edycji &#8222;Klimatów Częstochowy&#8221; (2011)</a></p>



<p><a href="http://www.klimatyczestochowy.pl/nagrodzeni-w-5-edycji-klimatow-czestochowy-2010/" data-type="link" data-id="http://www.klimatyczestochowy.pl/nagrodzeni-w-5-edycji-klimatow-czestochowy-2010/">Nagrodzeni i wyróżnieni w 5. edycji &#8222;Klimatów Częstochowy&#8221; (2010)</a></p>



<p><a href="http://www.klimatyczestochowy.pl/nagrodzeni-w-4-edycji-klimatow-czestochowy-2009/" data-type="link" data-id="http://www.klimatyczestochowy.pl/nagrodzeni-w-4-edycji-klimatow-czestochowy-2009/">Nagrodzeni i wyróżnieni w 4. edycji &#8222;Klimatów Częstochowy&#8221; (2009)</a></p>



<p><a href="http://www.klimatyczestochowy.pl/nagrodzeni-w-3-edycji-klimatow-czestochowy-2008/" data-type="link" data-id="http://www.klimatyczestochowy.pl/nagrodzeni-w-3-edycji-klimatow-czestochowy-2008/">Nagrodzeni i wyróżnieni w 3. edycji &#8222;Klimatów Częstochowy&#8221; (2008)</a></p>



<p><a href="http://www.klimatyczestochowy.pl/nagrodzeni-w-2-edycji-klimatow-czestochowy-2007/" data-type="link" data-id="http://www.klimatyczestochowy.pl/nagrodzeni-w-2-edycji-klimatow-czestochowy-2007/">Nagrodzeni i wyróżnieni w 2. edycji &#8222;Klimatów Częstochowy&#8221; (2007)</a></p>



<p><a href="http://www.klimatyczestochowy.pl/nagrodzeni-w-1-edycji-klimatow-czestochowy-2006/">Nagrodzeni i wyróżnieni w 1. edycji &#8222;Klimatów Częstochowy&#8221; (2006)</a><span style="color: #ffffff;"></span></p>

<p>Laureaci i finaliści 16. edycji &#8222;Klimatów Częstochowy&#8221; (2023) Laureaci i finaliści 15. edycji &#8222;Klimatów Częstochowy&#8221; (2022) Laureaci i finaliści 14. edycji &#8222;Klimatów Częstochowy&#8221; (2021) Laureaci i finaliści 13. edycji &#8222;Klimatów Częstochowy&#8221; (2018) Laureaci i finaliści 12. edycji &#8222;Klimatów Częstochowy&#8221; (2017) Laureaci i finaliści 11. edycji &#8222;Klimatów Częstochowy&#8221; (2016) Laureaci i finaliści 10. edycji &#8222;Klimatów Częstochowy&#8221; [&hellip;]</p>
