{"id":13,"date":"2014-12-04T10:41:56","date_gmt":"2014-12-04T10:41:56","guid":{"rendered":"http:\/\/czestochowianie.home.pl\/klimaty\/?page_id=13"},"modified":"2025-10-17T10:36:54","modified_gmt":"2025-10-17T10:36:54","slug":"o-konkursie","status":"publish","type":"page","link":"http:\/\/www.klimatyczestochowy.pl\/?page_id=13","title":{"rendered":"O konkursie"},"content":{"rendered":"\n<p><strong>18. KONKURS FOTOGRAFICZNY KLIMATY CZ\u0118STOCHOWY<\/strong><\/p>\n\n\n\n<p>Celem 18. edycji konkursu fotograficznego \u201eKlimaty Cz\u0119stochowy\u201d jest ukazanie walor\u00f3w kulturowych, architektonicznych, przyrodniczych i turystycznych Cz\u0119stochowy oraz jej okolic. Zamiarem organizatora jest pozyskanie i prezentacja fotografii obrazuj\u0105cych zainteresowanie przejawami \u017cycia w jego r\u00f3\u017cnorodnych dziedzinach. Mile widziane jest niebanalne potraktowanie \u201eklimat\u00f3w\u201d, gdzie g\u0142\u00f3wnym motywem jest cz\u0142owiek, \u015brodowisko, w kt\u00f3rym \u017cyje oraz wydarzenia, w jakich uczestniczy.<\/p>\n\n\n\n<p><strong>Termin nadsy\u0142ania prac w tegorocznej edycji up\u0142ywa 26 pa\u017adziernika 2025 roku o p\u00f3\u0142nocy.<\/strong><\/p>\n\n\n\n<p>Zapraszamy do fotografowania i przesy\u0142ania zdj\u0119\u0107<\/p>\n\n\n\n<p><\/p>\n","protected":false},"excerpt":{"rendered":"<p>18. KONKURS FOTOGRAFICZNY KLIMATY CZ\u0118STOCHOWY Celem 18. edycji konkursu fotograficznego \u201eKlimaty Cz\u0119stochowy\u201d jest ukazanie walor\u00f3w kulturowych, architektonicznych, przyrodniczych i turystycznych Cz\u0119stochowy oraz jej okolic. Zamiarem organizatora jest pozyskanie i prezentacja fotografii obrazuj\u0105cych zainteresowanie przejawami \u017cycia w jego r\u00f3\u017cnorodnych dziedzinach. Mile widziane jest niebanalne potraktowanie \u201eklimat\u00f3w\u201d, gdzie g\u0142\u00f3wnym motywem jest cz\u0142owiek, \u015brodowisko, w kt\u00f3rym \u017cyje oraz [&hellip;]<\/p>\n","protected":false},"author":1,"featured_media":0,"parent":0,"menu_order":0,"comment_status":"open","ping_status":"open","template":"","meta":{"footnotes":""},"class_list":["post-13","page","type-page","status-publish","hentry"],"_links":{"self":[{"href":"http:\/\/www.klimatyczestochowy.pl\/index.php?rest_route=\/wp\/v2\/pages\/13","targetHints":{"allow":["GET"]}}],"collection":[{"href":"http:\/\/www.klimatyczestochowy.pl\/index.php?rest_route=\/wp\/v2\/pages"}],"about":[{"href":"http:\/\/www.klimatyczestochowy.pl\/index.php?rest_route=\/wp\/v2\/types\/page"}],"author":[{"embeddable":true,"href":"http:\/\/www.klimatyczestochowy.pl\/index.php?rest_route=\/wp\/v2\/users\/1"}],"replies":[{"embeddable":true,"href":"http:\/\/www.klimatyczestochowy.pl\/index.php?rest_route=%2Fwp%2Fv2%2Fcomments&post=13"}],"version-history":[{"count":31,"href":"http:\/\/www.klimatyczestochowy.pl\/index.php?rest_route=\/wp\/v2\/pages\/13\/revisions"}],"predecessor-version":[{"id":1668,"href":"http:\/\/www.klimatyczestochowy.pl\/index.php?rest_route=\/wp\/v2\/pages\/13\/revisions\/1668"}],"wp:attachment":[{"href":"http:\/\/www.klimatyczestochowy.pl\/index.php?rest_route=%2Fwp%2Fv2%2Fmedia&parent=13"}],"curies":[{"name":"wp","href":"https:\/\/api.w.org\/{rel}","templated":true}]}}

<p><strong>18. KONKURS FOTOGRAFICZNY KLIMATY CZĘSTOCHOWY</strong></p>



<p>Celem 18. edycji konkursu fotograficznego „Klimaty Częstochowy” jest ukazanie walorów kulturowych, architektonicznych, przyrodniczych i turystycznych Częstochowy oraz jej okolic. Zamiarem organizatora jest pozyskanie i prezentacja fotografii obrazujących zainteresowanie przejawami życia w jego różnorodnych dziedzinach. Mile widziane jest niebanalne potraktowanie „klimatów”, gdzie głównym motywem jest człowiek, środowisko, w którym żyje oraz wydarzenia, w jakich uczestniczy.</p>



<p><strong>Termin nadsyłania prac w tegorocznej edycji upływa 26 października 2025 roku o północy.</strong></p>



<p>Zapraszamy do fotografowania i przesyłania zdjęć</p>



<p></p>

<p>18. KONKURS FOTOGRAFICZNY KLIMATY CZĘSTOCHOWY Celem 18. edycji konkursu fotograficznego „Klimaty Częstochowy” jest ukazanie walorów kulturowych, architektonicznych, przyrodniczych i turystycznych Częstochowy oraz jej okolic. Zamiarem organizatora jest pozyskanie i prezentacja fotografii obrazujących zainteresowanie przejawami życia w jego różnorodnych dziedzinach. Mile widziane jest niebanalne potraktowanie „klimatów”, gdzie głównym motywem jest człowiek, środowisko, w którym żyje oraz [&hellip;]</p>
